{"id":73,"date":"2024-04-11T00:57:27","date_gmt":"2024-04-10T22:57:27","guid":{"rendered":"https:\/\/new.alsem.asso.fr\/?page_id=73"},"modified":"2024-10-30T00:19:24","modified_gmt":"2024-10-29T23:19:24","slug":"les-arts-de-la-rue","status":"publish","type":"page","link":"https:\/\/alsem.asso.fr\/index.php\/les-arts-de-la-rue\/","title":{"rendered":"Les arts de la rue"},"content":{"rendered":"\n<p><\/p>\n\n\n\n<p>Notre section r\u00e9alise la confection de costumes et de chars dans le cadre de \u00ab&nbsp;JONQUILLES en FETE&nbsp;\u00bb, organis\u00e9 par le comit\u00e9 des f\u00eates de la commune.  <a href=\"https:\/\/www.fetedesjonquilles44.com\/\">https:\/\/www.fetedesjonquilles44.com\/<\/a><\/p>\n\n\n\n<p>Il s\u2019agit d\u2019un d\u00e9fil\u00e9 o\u00f9, pendant pr\u00e8s de 3 heures, des petits chefs-d\u2019\u0153uvre de chars r\u00e9alis\u00e9s exclusivement en jonquilles et en mousses naturelles, accompagn\u00e9s de groupes costum\u00e9s, d\u00e9filent aux sons des bandas et autres fanfares<\/p>\n\n\n\n<p>\u00ab&nbsp;Jonquilles en f\u00eate&nbsp;\u00bb est pour nous l\u2019occasion de montrer au public nos r\u00e9alisations pr\u00e9par\u00e9es tout au long de l\u2019ann\u00e9e, du mois d\u2019octobre au mois d\u2019avril.<\/p>\n\n\n\n<p>Nos costumes sont confectionn\u00e9s sp\u00e9cialement&nbsp;pour cet \u00e9v\u00e9nement tous les mercredi soir et le char est construit par nos soins tous les vendredi soir.<\/p>\n\n\n\n<figure class=\"wp-block-image size-large\"><img loading=\"lazy\" decoding=\"async\" width=\"1024\" height=\"683\" src=\"https:\/\/new.alsem.asso.fr\/wp-content\/uploads\/2024\/04\/Char2024-1024x683.jpg\" alt=\"\" class=\"wp-image-74\" srcset=\"https:\/\/alsem.asso.fr\/wp-content\/uploads\/2024\/04\/Char2024-1024x683.jpg 1024w, https:\/\/alsem.asso.fr\/wp-content\/uploads\/2024\/04\/Char2024-300x200.jpg 300w, https:\/\/alsem.asso.fr\/wp-content\/uploads\/2024\/04\/Char2024-768x512.jpg 768w, https:\/\/alsem.asso.fr\/wp-content\/uploads\/2024\/04\/Char2024-1536x1024.jpg 1536w, https:\/\/alsem.asso.fr\/wp-content\/uploads\/2024\/04\/Char2024-2048x1365.jpg 2048w, https:\/\/alsem.asso.fr\/wp-content\/uploads\/2024\/04\/Char2024-850x567.jpg 850w\" sizes=\"(max-width: 1024px) 100vw, 1024px\" \/><\/figure>\n\n\n\n<h2 class=\"wp-block-heading\">Comment devenir membre ?<\/h2>\n\n\n\n<p>Vous pouvez vous pr\u00e9senter \u00e0 nous lors du Forum des associations annuel qui a lieu d\u00e9but septembre sur notre commune et rentrer en contact avec notre responsable de section au travers du formulaire \u00ab\u00a0Prendre contact\u00a0\u00bb de se site.<\/p>\n\n\n\n<p><\/p>\n","protected":false},"excerpt":{"rendered":"<p>Notre section r\u00e9alise la confection de costumes et de chars dans le cadre de \u00ab&nbsp;JONQUILLES en FETE&nbsp;\u00bb, organis\u00e9 par le comit\u00e9 des f\u00eates de la commune. https:\/\/www.fetedesjonquilles44.com\/ Il s\u2019agit d\u2019un d\u00e9fil\u00e9 o\u00f9, pendant pr\u00e8s de 3 heures, des petits chefs-d\u2019\u0153uvre de chars r\u00e9alis\u00e9s exclusivement en jonquilles et en mousses naturelles, accompagn\u00e9s de groupes costum\u00e9s, d\u00e9filent [&hellip;]<\/p>\n","protected":false},"author":1,"featured_media":0,"parent":0,"menu_order":0,"comment_status":"closed","ping_status":"closed","template":"","meta":{"saved_in_kubio":true,"_mc_calendar":[],"footnotes":""},"class_list":["post-73","page","type-page","status-publish","hentry"],"kubio_ai_page_context":{"short_desc":"","purpose":"general"},"_links":{"self":[{"href":"https:\/\/alsem.asso.fr\/index.php\/wp-json\/wp\/v2\/pages\/73","targetHints":{"allow":["GET"]}}],"collection":[{"href":"https:\/\/alsem.asso.fr\/index.php\/wp-json\/wp\/v2\/pages"}],"about":[{"href":"https:\/\/alsem.asso.fr\/index.php\/wp-json\/wp\/v2\/types\/page"}],"author":[{"embeddable":true,"href":"https:\/\/alsem.asso.fr\/index.php\/wp-json\/wp\/v2\/users\/1"}],"replies":[{"embeddable":true,"href":"https:\/\/alsem.asso.fr\/index.php\/wp-json\/wp\/v2\/comments?post=73"}],"version-history":[{"count":6,"href":"https:\/\/alsem.asso.fr\/index.php\/wp-json\/wp\/v2\/pages\/73\/revisions"}],"predecessor-version":[{"id":303,"href":"https:\/\/alsem.asso.fr\/index.php\/wp-json\/wp\/v2\/pages\/73\/revisions\/303"}],"wp:attachment":[{"href":"https:\/\/alsem.asso.fr\/index.php\/wp-json\/wp\/v2\/media?parent=73"}],"curies":[{"name":"wp","href":"https:\/\/api.w.org\/{rel}","templated":true}]}}